{"id":219,"date":"2026-03-25T21:16:53","date_gmt":"2026-03-25T21:16:53","guid":{"rendered":"https:\/\/argiena.com\/?post_type=product&#038;p=219"},"modified":"2026-03-30T17:07:01","modified_gmt":"2026-03-30T17:07:01","slug":"dermacalm","status":"publish","type":"product","link":"https:\/\/argiena.com\/index.php\/product\/dermacalm\/","title":{"rendered":"DermaCalm"},"content":{"rendered":"<p style=\"text-align: center;\">Nettoyant nourrissant physiologique pour les <strong>naseaux\u00a0d\u00e9licats<\/strong>, fait <strong>artisanalement<\/strong> \u00e0 base de myrte, nepita, romarin, aloe vera, papaye, acide hyaluronique, noisettes, calendula, argile verte et de vitamine E.<\/p>\n<p style=\"text-align: center;\">Deux ou trois pressions sur une lingette propre suffisent \ud83d\ude09 (ce n&#8217;est pas la quantit\u00e9 qui fait le r\u00e9sultat, mais la qualit\u00e9)<\/p>\n<p style=\"text-align: center;\"><strong>Gel dense au repos, qui devient lait fluide lors d&#8217;une application par massage.<\/strong><\/p>\n<p style=\"text-align: center;\">Ne pas pulv\u00e9riser directement sur le nez.<\/p>\n","protected":false},"excerpt":{"rendered":"<p style=\"text-align: left;\">Lotion g\u00e9lifi\u00e9e hydrolipidique thixotrope \u00e0 activation manuelle (gel-lait non moussant).<\/p>\n","protected":false},"featured_media":385,"comment_status":"open","ping_status":"closed","template":"","meta":[],"product_brand":[],"product_cat":[23],"product_tag":[],"class_list":{"0":"post-219","1":"product","2":"type-product","3":"status-publish","4":"has-post-thumbnail","6":"product_cat-lotions","8":"first","9":"instock","10":"taxable","11":"shipping-taxable","12":"purchasable","13":"product-type-simple"},"jetpack_sharing_enabled":true,"_links":{"self":[{"href":"https:\/\/argiena.com\/index.php\/wp-json\/wp\/v2\/product\/219","targetHints":{"allow":["GET"]}}],"collection":[{"href":"https:\/\/argiena.com\/index.php\/wp-json\/wp\/v2\/product"}],"about":[{"href":"https:\/\/argiena.com\/index.php\/wp-json\/wp\/v2\/types\/product"}],"replies":[{"embeddable":true,"href":"https:\/\/argiena.com\/index.php\/wp-json\/wp\/v2\/comments?post=219"}],"wp:featuredmedia":[{"embeddable":true,"href":"https:\/\/argiena.com\/index.php\/wp-json\/wp\/v2\/media\/385"}],"wp:attachment":[{"href":"https:\/\/argiena.com\/index.php\/wp-json\/wp\/v2\/media?parent=219"}],"wp:term":[{"taxonomy":"product_brand","embeddable":true,"href":"https:\/\/argiena.com\/index.php\/wp-json\/wp\/v2\/product_brand?post=219"},{"taxonomy":"product_cat","embeddable":true,"href":"https:\/\/argiena.com\/index.php\/wp-json\/wp\/v2\/product_cat?post=219"},{"taxonomy":"product_tag","embeddable":true,"href":"https:\/\/argiena.com\/index.php\/wp-json\/wp\/v2\/product_tag?post=219"}],"curies":[{"name":"wp","href":"https:\/\/api.w.org\/{rel}","templated":true}]}}